{"id":27,"date":"2021-03-01T16:54:30","date_gmt":"2021-03-01T16:54:30","guid":{"rendered":"https:\/\/seeblick.gpdcenter.com\/?page_id=27"},"modified":"2021-03-16T09:26:11","modified_gmt":"2021-03-16T09:26:11","slug":"ferienappartement-2","status":"publish","type":"page","link":"https:\/\/www.seeblick-langenargen.de\/index.php\/ferienappartement-2\/","title":{"rendered":"Ferienwohnungen"},"content":{"rendered":"\t\t<div data-elementor-type=\"wp-page\" data-elementor-id=\"27\" class=\"elementor elementor-27\">\n\t\t\t\t\t\t<section class=\"elementor-section elementor-top-section elementor-element elementor-element-3c622df elementor-section-boxed elementor-section-height-default elementor-section-height-default qodef-elementor-content-no\" data-id=\"3c622df\" data-element_type=\"section\">\n\t\t\t\t\t\t<div class=\"elementor-container elementor-column-gap-default\">\n\t\t\t\t\t<div class=\"elementor-column elementor-col-100 elementor-top-column elementor-element elementor-element-18255e8\" data-id=\"18255e8\" data-element_type=\"column\">\n\t\t\t<div class=\"elementor-widget-wrap elementor-element-populated\">\n\t\t\t\t\t\t<div class=\"elementor-element elementor-element-2454340 elementor-widget elementor-widget-heading\" data-id=\"2454340\" data-element_type=\"widget\" data-widget_type=\"heading.default\">\n\t\t\t\t<div class=\"elementor-widget-container\">\n\t\t\t<h2 class=\"elementor-heading-title elementor-size-default\">Ferienwohnungen<\/h2>\t\t<\/div>\n\t\t\t\t<\/div>\n\t\t\t\t<div class=\"elementor-element elementor-element-fef6460 elementor-widget elementor-widget-text-editor\" data-id=\"fef6460\" data-element_type=\"widget\" data-widget_type=\"text-editor.default\">\n\t\t\t\t<div class=\"elementor-widget-container\">\n\t\t\t\t\t\t\t<p>Unsere Ferienwohnungen in der Oberen Seestra\u00dfe 23\/1 sind zentral und dennoch ruhig gelegen nicht direkt an der Stra\u00dfe nur 25m von der Uferpromenade entfernt B\u00e4cker und Einkaufsl\u00e4den sowie die Schiffsanlegestelle sind bequem zu Fuss zu erreichen.<br \/><span style=\"color: var( --e-global-color-text ); font-family: var( --e-global-typography-text-font-family ), Sans-serif; font-weight: var( --e-global-typography-text-font-weight );\"><br \/>Wir seind ein familienfreundliches Nichtraucherhaus und bitten deshalb um Ihr Verst\u00e4ndnis in den Wohnungen sowie auf Balkonen nicht zu rauchen.<br \/><\/span><span style=\"color: var( --e-global-color-text ); font-family: var( --e-global-typography-text-font-family ), Sans-serif; font-weight: var( --e-global-typography-text-font-weight );\"><br \/>Ausserdem bieten wit die unentgeldliche Benutzung von Schwimmbad und Garten f\u00fcr unsere G\u00e4ste im G\u00e4stehaus Seeblick Obere Seestra\u00dfe 18 an.<\/span><\/p>\t\t\t\t\t\t<\/div>\n\t\t\t\t<\/div>\n\t\t\t\t<div class=\"elementor-element elementor-element-7b52a6f elementor-widget elementor-widget-text-editor\" data-id=\"7b52a6f\" data-element_type=\"widget\" data-widget_type=\"text-editor.default\">\n\t\t\t\t<div class=\"elementor-widget-container\">\n\t\t\t\t\t\t\t<ul><li><a href=\"https:\/\/seeblick.gpdcenter.com\/index.php\/room\/ferienwohnung-nr-3\/\">Ferienwohnung Nr. 3<\/a><\/li><li><a href=\"https:\/\/seeblick.gpdcenter.com\/index.php\/room\/ferienwohnung-nr-3\/\">Ferienwohnung Nr. 5<\/a><\/li><\/ul>\t\t\t\t\t\t<\/div>\n\t\t\t\t<\/div>\n\t\t\t\t\t<\/div>\n\t\t<\/div>\n\t\t\t\t\t<\/div>\n\t\t<\/section>\n\t\t\t\t<\/div>\n\t\t","protected":false},"excerpt":{"rendered":"<p>Ferienwohnungen Unsere Ferienwohnungen in der Oberen Seestra\u00dfe 23\/1 sind zentral und dennoch ruhig gelegen nicht direkt an der Stra\u00dfe nur 25m von der Uferpromenade entfernt B\u00e4cker und Einkaufsl\u00e4den sowie die Schiffsanlegestelle sind bequem zu Fuss zu erreichen. Wir seind ein familienfreundliches Nichtraucherhaus und bitten deshalb um Ihr Verst\u00e4ndnis in den Wohnungen sowie auf Balkonen nicht [&hellip;]<\/p>\n","protected":false},"author":1,"featured_media":0,"parent":0,"menu_order":0,"comment_status":"closed","ping_status":"closed","template":"","meta":{"footnotes":""},"yoast_head":"<!-- This site is optimized with the Yoast SEO plugin v22.8 - https:\/\/yoast.com\/wordpress\/plugins\/seo\/ -->\n<title>Ferienwohnungen - G\u00e4stehaus Seeblick Langenargen<\/title>\n<meta name=\"robots\" content=\"index, follow, max-snippet:-1, max-image-preview:large, max-video-preview:-1\" \/>\n<link rel=\"canonical\" href=\"https:\/\/www.seeblick-langenargen.de\/index.php\/ferienappartement-2\/\" \/>\n<meta property=\"og:locale\" content=\"de_DE\" \/>\n<meta property=\"og:type\" content=\"article\" \/>\n<meta property=\"og:title\" content=\"Ferienwohnungen - G\u00e4stehaus Seeblick Langenargen\" \/>\n<meta property=\"og:description\" content=\"Ferienwohnungen Unsere Ferienwohnungen in der Oberen Seestra\u00dfe 23\/1 sind zentral und dennoch ruhig gelegen nicht direkt an der Stra\u00dfe nur 25m von der Uferpromenade entfernt B\u00e4cker und Einkaufsl\u00e4den sowie die Schiffsanlegestelle sind bequem zu Fuss zu erreichen. Wir seind ein familienfreundliches Nichtraucherhaus und bitten deshalb um Ihr Verst\u00e4ndnis in den Wohnungen sowie auf Balkonen nicht [&hellip;]\" \/>\n<meta property=\"og:url\" content=\"https:\/\/www.seeblick-langenargen.de\/index.php\/ferienappartement-2\/\" \/>\n<meta property=\"og:site_name\" content=\"G\u00e4stehaus Seeblick Langenargen\" \/>\n<meta property=\"article:modified_time\" content=\"2021-03-16T09:26:11+00:00\" \/>\n<meta name=\"twitter:card\" content=\"summary_large_image\" \/>\n<meta name=\"twitter:label1\" content=\"Gesch\u00e4tzte Lesezeit\" \/>\n\t<meta name=\"twitter:data1\" content=\"1 Minute\" \/>\n<script type=\"application\/ld+json\" class=\"yoast-schema-graph\">{\"@context\":\"https:\/\/schema.org\",\"@graph\":[{\"@type\":\"WebPage\",\"@id\":\"https:\/\/www.seeblick-langenargen.de\/index.php\/ferienappartement-2\/\",\"url\":\"https:\/\/www.seeblick-langenargen.de\/index.php\/ferienappartement-2\/\",\"name\":\"Ferienwohnungen - G\u00e4stehaus Seeblick Langenargen\",\"isPartOf\":{\"@id\":\"https:\/\/www.seeblick-langenargen.de\/#website\"},\"datePublished\":\"2021-03-01T16:54:30+00:00\",\"dateModified\":\"2021-03-16T09:26:11+00:00\",\"breadcrumb\":{\"@id\":\"https:\/\/www.seeblick-langenargen.de\/index.php\/ferienappartement-2\/#breadcrumb\"},\"inLanguage\":\"de-DE\",\"potentialAction\":[{\"@type\":\"ReadAction\",\"target\":[\"https:\/\/www.seeblick-langenargen.de\/index.php\/ferienappartement-2\/\"]}]},{\"@type\":\"BreadcrumbList\",\"@id\":\"https:\/\/www.seeblick-langenargen.de\/index.php\/ferienappartement-2\/#breadcrumb\",\"itemListElement\":[{\"@type\":\"ListItem\",\"position\":1,\"name\":\"Startseite\",\"item\":\"https:\/\/www.seeblick-langenargen.de\/\"},{\"@type\":\"ListItem\",\"position\":2,\"name\":\"Ferienwohnungen\"}]},{\"@type\":\"WebSite\",\"@id\":\"https:\/\/www.seeblick-langenargen.de\/#website\",\"url\":\"https:\/\/www.seeblick-langenargen.de\/\",\"name\":\"G\u00e4stehaus Seeblick Langenargen\",\"description\":\"G\u00e4stehaus in Langenargen am Bodensee\",\"publisher\":{\"@id\":\"https:\/\/www.seeblick-langenargen.de\/#organization\"},\"potentialAction\":[{\"@type\":\"SearchAction\",\"target\":{\"@type\":\"EntryPoint\",\"urlTemplate\":\"https:\/\/www.seeblick-langenargen.de\/?s={search_term_string}\"},\"query-input\":\"required name=search_term_string\"}],\"inLanguage\":\"de-DE\"},{\"@type\":\"Organization\",\"@id\":\"https:\/\/www.seeblick-langenargen.de\/#organization\",\"name\":\"G\u00e4stehaus Seeblick\",\"url\":\"https:\/\/www.seeblick-langenargen.de\/\",\"logo\":{\"@type\":\"ImageObject\",\"inLanguage\":\"de-DE\",\"@id\":\"https:\/\/www.seeblick-langenargen.de\/#\/schema\/logo\/image\/\",\"url\":\"https:\/\/www.seeblick-langenargen.de\/wp-content\/uploads\/2021\/03\/474567efc6584080504dbd6a954a21e6.jpg\",\"contentUrl\":\"https:\/\/www.seeblick-langenargen.de\/wp-content\/uploads\/2021\/03\/474567efc6584080504dbd6a954a21e6.jpg\",\"width\":688,\"height\":422,\"caption\":\"G\u00e4stehaus Seeblick\"},\"image\":{\"@id\":\"https:\/\/www.seeblick-langenargen.de\/#\/schema\/logo\/image\/\"}}]}<\/script>\n<!-- \/ Yoast SEO plugin. -->","yoast_head_json":{"title":"Ferienwohnungen - G\u00e4stehaus Seeblick Langenargen","robots":{"index":"index","follow":"follow","max-snippet":"max-snippet:-1","max-image-preview":"max-image-preview:large","max-video-preview":"max-video-preview:-1"},"canonical":"https:\/\/www.seeblick-langenargen.de\/index.php\/ferienappartement-2\/","og_locale":"de_DE","og_type":"article","og_title":"Ferienwohnungen - G\u00e4stehaus Seeblick Langenargen","og_description":"Ferienwohnungen Unsere Ferienwohnungen in der Oberen Seestra\u00dfe 23\/1 sind zentral und dennoch ruhig gelegen nicht direkt an der Stra\u00dfe nur 25m von der Uferpromenade entfernt B\u00e4cker und Einkaufsl\u00e4den sowie die Schiffsanlegestelle sind bequem zu Fuss zu erreichen. Wir seind ein familienfreundliches Nichtraucherhaus und bitten deshalb um Ihr Verst\u00e4ndnis in den Wohnungen sowie auf Balkonen nicht [&hellip;]","og_url":"https:\/\/www.seeblick-langenargen.de\/index.php\/ferienappartement-2\/","og_site_name":"G\u00e4stehaus Seeblick Langenargen","article_modified_time":"2021-03-16T09:26:11+00:00","twitter_card":"summary_large_image","twitter_misc":{"Gesch\u00e4tzte Lesezeit":"1 Minute"},"schema":{"@context":"https:\/\/schema.org","@graph":[{"@type":"WebPage","@id":"https:\/\/www.seeblick-langenargen.de\/index.php\/ferienappartement-2\/","url":"https:\/\/www.seeblick-langenargen.de\/index.php\/ferienappartement-2\/","name":"Ferienwohnungen - G\u00e4stehaus Seeblick Langenargen","isPartOf":{"@id":"https:\/\/www.seeblick-langenargen.de\/#website"},"datePublished":"2021-03-01T16:54:30+00:00","dateModified":"2021-03-16T09:26:11+00:00","breadcrumb":{"@id":"https:\/\/www.seeblick-langenargen.de\/index.php\/ferienappartement-2\/#breadcrumb"},"inLanguage":"de-DE","potentialAction":[{"@type":"ReadAction","target":["https:\/\/www.seeblick-langenargen.de\/index.php\/ferienappartement-2\/"]}]},{"@type":"BreadcrumbList","@id":"https:\/\/www.seeblick-langenargen.de\/index.php\/ferienappartement-2\/#breadcrumb","itemListElement":[{"@type":"ListItem","position":1,"name":"Startseite","item":"https:\/\/www.seeblick-langenargen.de\/"},{"@type":"ListItem","position":2,"name":"Ferienwohnungen"}]},{"@type":"WebSite","@id":"https:\/\/www.seeblick-langenargen.de\/#website","url":"https:\/\/www.seeblick-langenargen.de\/","name":"G\u00e4stehaus Seeblick Langenargen","description":"G\u00e4stehaus in Langenargen am Bodensee","publisher":{"@id":"https:\/\/www.seeblick-langenargen.de\/#organization"},"potentialAction":[{"@type":"SearchAction","target":{"@type":"EntryPoint","urlTemplate":"https:\/\/www.seeblick-langenargen.de\/?s={search_term_string}"},"query-input":"required name=search_term_string"}],"inLanguage":"de-DE"},{"@type":"Organization","@id":"https:\/\/www.seeblick-langenargen.de\/#organization","name":"G\u00e4stehaus Seeblick","url":"https:\/\/www.seeblick-langenargen.de\/","logo":{"@type":"ImageObject","inLanguage":"de-DE","@id":"https:\/\/www.seeblick-langenargen.de\/#\/schema\/logo\/image\/","url":"https:\/\/www.seeblick-langenargen.de\/wp-content\/uploads\/2021\/03\/474567efc6584080504dbd6a954a21e6.jpg","contentUrl":"https:\/\/www.seeblick-langenargen.de\/wp-content\/uploads\/2021\/03\/474567efc6584080504dbd6a954a21e6.jpg","width":688,"height":422,"caption":"G\u00e4stehaus Seeblick"},"image":{"@id":"https:\/\/www.seeblick-langenargen.de\/#\/schema\/logo\/image\/"}}]}},"_links":{"self":[{"href":"https:\/\/www.seeblick-langenargen.de\/index.php\/wp-json\/wp\/v2\/pages\/27"}],"collection":[{"href":"https:\/\/www.seeblick-langenargen.de\/index.php\/wp-json\/wp\/v2\/pages"}],"about":[{"href":"https:\/\/www.seeblick-langenargen.de\/index.php\/wp-json\/wp\/v2\/types\/page"}],"author":[{"embeddable":true,"href":"https:\/\/www.seeblick-langenargen.de\/index.php\/wp-json\/wp\/v2\/users\/1"}],"replies":[{"embeddable":true,"href":"https:\/\/www.seeblick-langenargen.de\/index.php\/wp-json\/wp\/v2\/comments?post=27"}],"version-history":[{"count":14,"href":"https:\/\/www.seeblick-langenargen.de\/index.php\/wp-json\/wp\/v2\/pages\/27\/revisions"}],"predecessor-version":[{"id":4752,"href":"https:\/\/www.seeblick-langenargen.de\/index.php\/wp-json\/wp\/v2\/pages\/27\/revisions\/4752"}],"wp:attachment":[{"href":"https:\/\/www.seeblick-langenargen.de\/index.php\/wp-json\/wp\/v2\/media?parent=27"}],"curies":[{"name":"wp","href":"https:\/\/api.w.org\/{rel}","templated":true}]}}

<div data-elementor-type="wp-page" data-elementor-id="27" class="elementor elementor-27">
						<section class="elementor-section elementor-top-section elementor-element elementor-element-3c622df elementor-section-boxed elementor-section-height-default elementor-section-height-default qodef-elementor-content-no" data-id="3c622df" data-element_type="section">
						<div class="elementor-container elementor-column-gap-default">
					<div class="elementor-column elementor-col-100 elementor-top-column elementor-element elementor-element-18255e8" data-id="18255e8" data-element_type="column">
			<div class="elementor-widget-wrap elementor-element-populated">
						<div class="elementor-element elementor-element-2454340 elementor-widget elementor-widget-heading" data-id="2454340" data-element_type="widget" data-widget_type="heading.default">
				<div class="elementor-widget-container">
			<h2 class="elementor-heading-title elementor-size-default">Ferienwohnungen</h2>		</div>
				</div>
				<div class="elementor-element elementor-element-fef6460 elementor-widget elementor-widget-text-editor" data-id="fef6460" data-element_type="widget" data-widget_type="text-editor.default">
				<div class="elementor-widget-container">
							<p>Unsere Ferienwohnungen in der Oberen Seestraße 23/1 sind zentral und dennoch ruhig gelegen nicht direkt an der Straße nur 25m von der Uferpromenade entfernt Bäcker und Einkaufsläden sowie die Schiffsanlegestelle sind bequem zu Fuss zu erreichen.<br /><span style="color: var( --e-global-color-text ); font-family: var( --e-global-typography-text-font-family ), Sans-serif; font-weight: var( --e-global-typography-text-font-weight );"><br />Wir seind ein familienfreundliches Nichtraucherhaus und bitten deshalb um Ihr Verständnis in den Wohnungen sowie auf Balkonen nicht zu rauchen.<br /></span><span style="color: var( --e-global-color-text ); font-family: var( --e-global-typography-text-font-family ), Sans-serif; font-weight: var( --e-global-typography-text-font-weight );"><br />Ausserdem bieten wit die unentgeldliche Benutzung von Schwimmbad und Garten für unsere Gäste im Gästehaus Seeblick Obere Seestraße 18 an.</span></p>						</div>
				</div>
				<div class="elementor-element elementor-element-7b52a6f elementor-widget elementor-widget-text-editor" data-id="7b52a6f" data-element_type="widget" data-widget_type="text-editor.default">
				<div class="elementor-widget-container">
							<ul><li><a href="https://seeblick.gpdcenter.com/index.php/room/ferienwohnung-nr-3/">Ferienwohnung Nr. 3</a></li><li><a href="https://seeblick.gpdcenter.com/index.php/room/ferienwohnung-nr-3/">Ferienwohnung Nr. 5</a></li></ul>						</div>
				</div>
					</div>
		</div>
					</div>
		</section>
				</div>

<p>Ferienwohnungen Unsere Ferienwohnungen in der Oberen Seestraße 23/1 sind zentral und dennoch ruhig gelegen nicht direkt an der Straße nur 25m von der Uferpromenade entfernt Bäcker und Einkaufsläden sowie die Schiffsanlegestelle sind bequem zu Fuss zu erreichen. Wir seind ein familienfreundliches Nichtraucherhaus und bitten deshalb um Ihr Verständnis in den Wohnungen sowie auf Balkonen nicht [&hellip;]</p>

<!-- This site is optimized with the Yoast SEO plugin v22.8 - https://yoast.com/wordpress/plugins/seo/ -->
<title>Ferienwohnungen - Gästehaus Seeblick Langenargen</title>
<meta name="robots" content="index, follow, max-snippet:-1, max-image-preview:large, max-video-preview:-1" />
<link rel="canonical" href="https://www.seeblick-langenargen.de/index.php/ferienappartement-2/" />
<meta property="og:locale" content="de_DE" />
<meta property="og:type" content="article" />
<meta property="og:title" content="Ferienwohnungen - Gästehaus Seeblick Langenargen" />
<meta property="og:description" content="Ferienwohnungen Unsere Ferienwohnungen in der Oberen Seestraße 23/1 sind zentral und dennoch ruhig gelegen nicht direkt an der Straße nur 25m von der Uferpromenade entfernt Bäcker und Einkaufsläden sowie die Schiffsanlegestelle sind bequem zu Fuss zu erreichen. Wir seind ein familienfreundliches Nichtraucherhaus und bitten deshalb um Ihr Verständnis in den Wohnungen sowie auf Balkonen nicht [&hellip;]" />
<meta property="og:url" content="https://www.seeblick-langenargen.de/index.php/ferienappartement-2/" />
<meta property="og:site_name" content="Gästehaus Seeblick Langenargen" />
<meta property="article:modified_time" content="2021-03-16T09:26:11+00:00" />
<meta name="twitter:card" content="summary_large_image" />
<meta name="twitter:label1" content="Geschätzte Lesezeit" />
	<meta name="twitter:data1" content="1 Minute" />
<script type="application/ld+json" class="yoast-schema-graph">{"@context":"https://schema.org","@graph":[{"@type":"WebPage","@id":"https://www.seeblick-langenargen.de/index.php/ferienappartement-2/","url":"https://www.seeblick-langenargen.de/index.php/ferienappartement-2/","name":"Ferienwohnungen - Gästehaus Seeblick Langenargen","isPartOf":{"@id":"https://www.seeblick-langenargen.de/#website"},"datePublished":"2021-03-01T16:54:30+00:00","dateModified":"2021-03-16T09:26:11+00:00","breadcrumb":{"@id":"https://www.seeblick-langenargen.de/index.php/ferienappartement-2/#breadcrumb"},"inLanguage":"de-DE","potentialAction":[{"@type":"ReadAction","target":["https://www.seeblick-langenargen.de/index.php/ferienappartement-2/"]}]},{"@type":"BreadcrumbList","@id":"https://www.seeblick-langenargen.de/index.php/ferienappartement-2/#breadcrumb","itemListElement":[{"@type":"ListItem","position":1,"name":"Startseite","item":"https://www.seeblick-langenargen.de/"},{"@type":"ListItem","position":2,"name":"Ferienwohnungen"}]},{"@type":"WebSite","@id":"https://www.seeblick-langenargen.de/#website","url":"https://www.seeblick-langenargen.de/","name":"Gästehaus Seeblick Langenargen","description":"Gästehaus in Langenargen am Bodensee","publisher":{"@id":"https://www.seeblick-langenargen.de/#organization"},"potentialAction":[{"@type":"SearchAction","target":{"@type":"EntryPoint","urlTemplate":"https://www.seeblick-langenargen.de/?s={search_term_string}"},"query-input":"required name=search_term_string"}],"inLanguage":"de-DE"},{"@type":"Organization","@id":"https://www.seeblick-langenargen.de/#organization","name":"Gästehaus Seeblick","url":"https://www.seeblick-langenargen.de/","logo":{"@type":"ImageObject","inLanguage":"de-DE","@id":"https://www.seeblick-langenargen.de/#/schema/logo/image/","url":"https://www.seeblick-langenargen.de/wp-content/uploads/2021/03/474567efc6584080504dbd6a954a21e6.jpg","contentUrl":"https://www.seeblick-langenargen.de/wp-content/uploads/2021/03/474567efc6584080504dbd6a954a21e6.jpg","width":688,"height":422,"caption":"Gästehaus Seeblick"},"image":{"@id":"https://www.seeblick-langenargen.de/#/schema/logo/image/"}}]}</script>
<!-- / Yoast SEO plugin. -->

Ferienwohnungen - Gästehaus Seeblick Langenargen

Ferienwohnungen Unsere Ferienwohnungen in der Oberen Seestraße 23/1 sind zentral und dennoch ruhig gelegen nicht direkt an der Straße nur 25m von der Uferpromenade entfernt Bäcker und Einkaufsläden sowie die Schiffsanlegestelle sind bequem zu Fuss zu erreichen. Wir seind ein familienfreundliches Nichtraucherhaus und bitten deshalb um Ihr Verständnis in den Wohnungen sowie auf Balkonen nicht [&hellip;]

Gästehaus Seeblick Langenargen

Gästehaus in Langenargen am Bodensee

Gästehaus Seeblick
